- ((0 - 6) + 18 + -14)?
17
Calculate (3 + -12 + 10 - -19) + -5.
15
22 + -14 + (-17 - 1)
-10
Evaluate 1 - -23 - (740 - 733).
17
-18 + 3 + -26 + 38
-3
What is the value of 75 + -33 + -61 + (-2 - -1)?
-20
What is the value of 2 + -2 + (12 - (26 - 14))?
0
What is the value of 21 - (74 + -10) - (3 + -2 - 12)?
-32
Calculate 2418 - 2429 - (0 + 0 - 1).
-10
Evaluate (-5 - -17) + 35 + -45.
2
-9 + (-25 - -18 - (-9 - -2))
-9
-8 + (-1 - (2 - 6)) + -4
-9
Evaluate 5 - (-11 + 24) - -12.
4
Evaluate -43 + -15 + (56 - 7).
-9
(2 + -4 - -5) + -1 - (-98 - -101)
-1
Calculate -11 + 6 - (-4 + (-1 - 3)) - 14.
-11
Evaluate -39 - (45 - 77) - 3.
-10
Evaluate (2 - 0 - (4 - 11)) + -315 + 325.
19
What is the value of (1 - -12 - (-113 + 119)) + 12?
19
Calculate 6 - (5 - (5 + -9 - -3)).
0
(15 - -27) + -31 + 8
19
What is 72 + -100 + 44 + -4?
12
Calculate 2 + (6 - 29 - -34).
13
Evaluate -28 + (-1 - -3) + 8 + -8 + 6.
-20
What is (2 + -16 - (-53 + 6)) + -10?
23
What is (-3 - 4) + 16 - 23 - -2?
-12
What is (-14 - -28 - 30) + 4?
-12
Calculate -8 - 3 - (1 + -15 + (-11 - -24)).
-10
Calculate 6 - (-1 + 3) - 7 - -1 - -2.
0
What is (2 - 1) + -1 + 3 + (-262 - -259)?
0
Evaluate (0 - -1) + 204 + -203.
2
What is the value of 13 - ((-3 + 4 - -5) + -6)?
13
17 - (-1 + (58 - 27))
-13
Evaluate (-16 - -6) + (-6 - (0 + -1)) + -1.
-16
What is the value of (-11 - (-10 + 5)) + -4 + (0 - 10)?
-20
Evaluate -11 - (-6 - (-7 + 10)) - (-1 + -1).
0
What is the value of (-10 - (-18 + 4)) + -9?
-5
Calculate 1 + 3 + -10 + (18 - 10) + -7.
-5
Evaluate (8 - 2) + (-2 + 16 - 20).
0
Calculate -50 + 100 + 0 + -9 + -13.
28
(27 - (13 + -12 - 13) - 11) + 6
34
What is 0 + -8 - (-21 - -8)?
5
What is the value of 1 + -33 - (-19 + 8)?
-21
What is -1 - -5 - (-2 - (9 + -9))?
6
Calculate 0 + -3 + 0 - 1 - (-191 - -193).
-6
What is (-21 + 11 - -29) + -19 + -27?
-27
What is the value of -14 - 0 - (7 - (30 - 28))?
-19
Evaluate (-23 - (-18 + 31)) + 13.
-23
Calculate -2 + (21 + 1 - 29).
-9
What is -8 - -1 - (-111 + 114) - (10 - 8)?
-12
-25 - ((-33 - -7) + -2)
3
What is -7 - 1 - (-2 + 4) - -4?
-6
2 - (8 + -11 + -9)
14
Calculate 12 + 33 + 3 + -26.
22
Evaluate 5 - 5 - (3 + (-8 - -3)).
2
-11 - (-11 - -10 - -7) - -48
31
19 + (17 - -10) + -27
19
What is the value of -21 + (-10 - ((10 - 18) + 18))?
-41
Evaluate 20 + -5 + 53 + -53.
15
Evaluate 2 + (-23 - -18 - (2 - (-1 - -7))).
1
What is (-419 - -433) + (-1 - 32)?
-19
Calculate 5 + -6 + 0 + 143 + -139.
3
What is (6 - 4) + 10 + (-6 - -6)?
12
Evaluate 7 + 0 + 0 - (3 - (-11 + -6)).
-13
Evaluate -6 + (21 + -6 - 15).
-6
What is the value of -15 + -90 + 145 + -10 + 2?
32
53 + -61 - (-1 - (1 - 2))
-8
What is the value of 3 - (-33 + 30 + -8)?
14
3 + (-120 - -113 - (-1 - 5)) + 20
22
What is 22 + -11 + -9 + 10?
12
20 - ((1 - 8) + -1 - (34 - 44))
18
Evaluate -12 + (6 + 1 - -4) + -8.
-9
-2 + 2 - (6 + -4 + -2 + -4)
4
-9 + -7 + 9 + -10 + 0
-17
What is (34 - 16) + (4 + -32 - -3)?
-7
Calculate -9 - 2 - (30 + -106 + 40).
25
Evaluate 0 + (-6 - (-1 - -14) - -5) + 7.
-7
What is -8 + 3 - (8 + -9 + 4 + -1)?
-7
What is the value of 2 + (2 - 8 - -13) - (2 + -1)?
8
What is 6 + 7 + -12 + -12?
-11
What is the value of -4 - -4 - (9 - 2 - 1)?
-6
(0 - -2) + 52 + -6 + -56
-8
What is -1 - 2 - (3 - (1 + 5))?
0
What is -3 + -15 + 23 - -5?
10
What is 3 - 28 - ((-5 - 4) + (1 - -2))?
-19
What is -9 + 25 + -26 + 8?
-2
What is the value of 1 + -9 - (1 + -15)?
6
Calculate -18 - (-8 + 2 - -1).
-13
What is -27 + (-10 - (-27 - 6))?
-4
Evaluate (-3 + (2 - 5) + 10 - 5) + 1.
0
What is the value of -2 + 8 + 2 + 1 + (120 - 131)?
-2
What is the value of 18 + -11 + -1 + 0 + 10?
16
Evaluate 6 - ((2 - -5) + -7) - (11 + -4).
-1
(1 - 2) + 2 - (-4 + 7)
-2
What is 1 + -2 + 0 + (-65 - -75) + -2?
7
Evaluate (1 - -1) + (-8 - (-18 + 41 + -5)).
-24
What is (3 - 11) + -5 - (2 + -38)?
23
Calculate (-1 + (-2 - 1) - (-20 - 1)) + -8.
9
Evaluate -2 + -1 + -1 - (-26 + -18 - -39).
1
-14 + 13 + (11 - 1) - (-22 - -2)
29
Evaluate 83 + -48 - (-2 + (-2 - -9)).
30
11 + (11 - 14) + (-1 + -2 - -2)
7
Calculate -13 - (-9 - (-3 + 14)).
7
What is the value of -18 - 0 - (-113 - -101)?
-6
What is 72 + (-14 - (4 + 26))?
28
Evaluate 8 + -24 + 6 + 3.
-7
Calculate 2 + (6 + -3 + -10 - (-32 + 28)).
-1
What is the value of 320 + -319 + (-1 + 2 - (9 - 1))?
-6
What is the value of (-2 + -1 - -15) + (22 - 9 - 18)?
7
Evaluate -9 + -2 + -1 + 0 + -2 + 2.
-12
Evaluate -19 + 5 + 53 - 23.
16
Calculate 22 - (-4 + 2 + 8 + -6 - -5).
17
What is -14 + 19 + 8 + -22?
-9
What is -8 + -2 + 5 + 32 + -5?
22
What is the value of 5 - (-6 - (3 + -8) - -2 - 6)?
10
Evaluate -4 - -32 - (27 - 6).
7
206 - 199 - (-12 - (1 - 4))
16
Evaluate (-110 - -127) + (-28 - -1).
-10
What is 0 + -16 + -240 + 262?
6
(32 - 44) + -1 + -2 + 6 - -22
13
What is the value of -9 - (-17 + (16 - -6))?
-14
What is the value of (3 - 16 - (21 + -43)) + -31 + 2?
-20
(59 - 54) + -12 + -3
-10
Calculate -4 + 1 + 203 + -204 - (0 + -6).
2
14 + (-7 - 10) + (8 - 1)
4
-5 - 1 - ((9 + -2 - 2) + -3)
-8
What is the value of (-19 - (-12 - -31)) + -9 + 14?
-33
What is the value of 9 + (6 - 23) - -19 - 10?
1
(5 + -13 - (-12 - -2)) + (-22 - 0)
-20
Calculate -35 + -33 + 47 + 36.
15
What is -47 + 44 + (-11 - (-3 + 0))?
-11
What is 11 - (2 + 5 + 1 + -10)?
13
Evaluate -23 + -6 + 9 + (15 - 9).
-14
Evaluate -14 + 0 + 27 - 25.
-12
What is -1 + (7 - 7 - -3 - 26)?
-24
-46 + -13 + 35 + 33
9
What is the value of -3 - (30 - (36 - 27))?
-24
What is -5 - -1 - (-12 - (2 + (-7 - 13)))?
-10
Calculate (4 - 2 - 12) + 0 + -2 + 4.
-8
Calculate 1 - (30 + (-6 - 12)).
-11
What is the value of -1 + (5 - (5 + 2)) - (3 - 12)?
6
What is the value of -9 - (5 + -5 + (-9 - -3))?
-3
What is 0 - ((0 - 2) + 10) - (-9 - -12)?
-11
What is (-163 - -163) + (0 + 0 - 23) - -5?
-18
Calculate 5 - (-2 + 2 + -6 + 4).
7
Calculate (-5 - 3) + (-7 - -7) - (2 - -3).
-13
Calculate 65 + -96 + (0 - -17).
-14
Calculate (0 - -41 - (-35 + 38)) + -13.
25
What is the value of 11 - (8 - 11 - -19)?
-5
Calculate -5 + (27 - 17) - (2 + 1).
2
What is 12 + (1 - 10 - 5) - 10?
-12
Evaluate -10 + 8 + -5 - -6.
-1
What is (-14 + 43 - 30) + 37?
36
What is -4 + (-5 - 15) + -15 + 2 + 17?
-20
What is 21 - (3 + 0 + -16 + 0)?
34
What is -10 - ((-14 + 3 - -4) + 1)?
-4
Evaluate 2 - (-5 - (-5 - (6 - 2 - 3))).
1
-1 + -5 + (-70 - -80) - (1 - 10)
13
7 + 10 + -5 + -3 + -1
8
What is the value of 13 - (-14 + 22) - 10?
-5
Evaluate 6 - -1 - ((-7 + 28 - 12) + -33).
31
What is the value of (0 - 10) + (-6 - (-16 + -12))?
12
Evaluate (1 - -4) + -395 + 396.
6
Evaluate (32 - 49) + 20 - (-2 + -9).
14
Evaluate -1 - (-6 + (3 - -6) - -7 - 1).
-10
What is ((-4 - -13) + -3 - 6 - -4) + -3?
1
What is the value of 33 + -52 - (-3 + 8 + (-6 - -1))?
-19
What is -3 + -15 - (3 + -12)?
-9
What is the value of (-13 - -2) + (155 - 119) + -19?
6
0 + (22 - -2) - (-9 + (-4 - -21))
16
Evaluate (-8 - -9) + (9 + -10 - -13).
13
Evaluate -1 - (2 - 1 - 0) - (-3243 + 3257).
-16
Evaluate -15 - (4 - 3) - (32 + -73).
25
Evaluate 26 - (-15 + 34) - 20.
-13
Evaluate -11 + 0 - (-34 - (39 - 60)).
2
(-3 + 5 + -5 + 4 - 21) + 5
-15
What is -1 - (6 - -5 - 1 - (-3 - 0))?
-14
What is (-1 + (0 - -2) - (15 + -21)) + 6?
13
What is the value of (29 - 7 - 12) + 2?
12
What is (-5 - -31) + -31 + -12?
-17
What is the value of (6 - 1) + -6 + 4?
3
Calculate (-43 - -37) + 8 + -2.
0
What is -15 + -8 + 53 - 17?
13
-15 - 2 - (131 + -151)
3
6 - (-15 - -12 - (-3 + -10)) - 1
-5
Calculate (59 - 62 - (-8 + 0)) + 5.
10
Calculate -5 + 8 + -21 + -4 + -1 + 8.
-15
Evaluate 4 - 5 - -15 - 4.
10
What is the value of -6 + (-3 - (-2 + -1)) - 6 - 6?
-18
0 + -4 - (43 + -38)
-9
(-2 - -19 - 9) + -4
4
Evaluate 1 + 16 + -8 - 19.
-10
What is -3 + (-5 - -8 - 9) + 37?
28
What is 36 + -11 + -4 + -43?
-22
Calculate -14 - -23 - (8 - (0 + (0 - -3))).
4
Calculate 0 - -8 - (21 - (1 - -10)).
-2
33 + (-8 - -3) + -3 + 20 + -19
26
Evaluate 5 + 0 + -2 + (1 + 14 - 1).
17
What is the value of 21 - (8 + (24 - 4))?
-7
Evaluate 9 - (-12 - -16 - 11).
16
What is (0 - -4) + (-1 - 20 - -12)?
-5
Evaluate 0 - -5 - (24 + -12).
-7
Calculate 24 - (19 + -10 - 1) - 7.
9
-1 + -3 + -1 + (10 + 5 - 19)
-9
-4 - (3 - ((-6 - -22) + 0 + -9))
0
Calculate (3 - -19) + (-15 + 4 - (-8 - -4)).
15
Calculate (-4 - (8 + (-18 - -2))) + (-3 - -6).
7
26 - (-10 + 12) - 21
3
Calculate -8 - (-7 + -5 + (9 - 14)).
9
What is the value of (1 - 1 - (-4 + 11)) + 9?
2
